 - 377)).
-33
What is -1 + 21 + (-23 - -12)?
9
20 - 0 - (30 + 8 - 34)
16
Calculate -5 - -14 - (-7 + 8 + (-2 - -4)).
6
What is 12 + -17 + -3 + (7 - -9)?
8
Evaluate -13 + (-2 - -1 - (-9 - -10)).
-15
Evaluate 3 - (-73 + 66 + 7 + (-4 - -3)).
4
What is 0 - (0 + 13 + -8 - -2)?
-7
What is the value of -2 + -5 + (5 + 7 - 9 - 5)?
-9
What is the value of 12 - (2 - 1 - (-34 - -24) - 3)?
4
Calculate -15 + (-48 - -35) + (19 - 0).
-9
What is (-2 - 1 - -10) + -28 + 14 + 17?
10
1 + (12 - 2) + 35 + -38
8
Calculate -12 + (24 - 9) - (-2 - -4).
1
Evaluate -6 + 2 + (6 - (19 + -6)).
-11
Calculate 5 + (-2 + 5 - (8 - (23 - 7))).
16
Evaluate (-4 - -1) + 1 + -1 + (0 - 1).
-4
Evaluate -41 + (4 - 2) + -28 + 41.
-26
What is -9 - (-10 + (-10 - (-34 + 8)))?
-15
What is 12 + (-1 - (-4 - (-4 + 2)))?
13
Calculate -1 + (1 - 5) + (3 - 4) - 6.
-12
Calculate 82 - 71 - (12 - 5).
4
What is the value of 44 + (69 - 113) + 1 + -35?
-34
-1 + 24 + -58 + 48 + -30
-17
What is -16 + 4 + 16 + -10?
-6
What is the value of -4 + (13 + -8 - (2 + -3)) + -4?
-2
What is 22 - (12 + -7 + 7)?
10
What is -26 - -12 - ((-4 - 3) + 11)?
-18
3 + (1 + -3 - (-13 - -6 - -5))
3
Evaluate (-57 - (-43 + 18)) + 10.
-22
Evaluate 3 - ((23 - -3) + (-18 - -18)).
-23
What is 2 - -4 - (50 - 49)?
5
What is the value of -31 + (-5 - (-26 - 8))?
-2
What is the value of -7 - ((9 - 2) + 0 + -3 + -4)?
-7
Calculate 1 + 8 + (-4 - -12 - 6 - 12).
-1
Evaluate 9 + 1 + -227 + 204.
-13
-10 - 8 - -17 - (9 + -18)
8
Calculate -3 - (2 + -2 + -1) - (8 + 0).
-10
Calculate (16 - 12) + -7 + 7 + -21.
-17
What is 6 - (-7 + (7 - -21) + -8) - -9?
2
What is 1 + 5 - (44 - 24)?
-14
Evaluate 4 - (-23 - 6 - -18).
15
Evaluate 9 - (21 - 3 - 6 - (-14 + 16)).
-1
What is -12 + -6 + 11 - (11 + -6 - 25)?
13
Evaluate 20 + -12 + 1 - (6 - -16).
-13
What is the value of -17 - -18 - (15 - 1)?
-13
38 - (61 - 24) - (2 + -1 - 0)
0
What is the value of 658 - 656 - ((-1 - 1) + 6 - -1)?
-3
What is -4 + 18 + (-3 - 0) + -5 + 0?
6
What is the value of (1 - 2) + (-25 - -7) + 21?
2
What is the value of 453 - 448 - (33 + -2 - (0 - -2))?
-24
What is the value of 6 + (-8 + (1 - 8 - 2) - -9)?
-2
What is (4 - (0 + -10)) + (-3 - 0)?
11
Evaluate 4 + 3 + -2 - (-9 - (6 - -1)).
21
What is -125 + 153 + (-50 - 1)?
-23
What is the value of -17 + 29 + -35 + 6?
-17
What is the value of (-20 - -13) + -13 + 1 + 9?
-10
Evaluate -11 + 3 + (10 - (7 + -8) - 13).
-10
Calculate -7 - (35 - (88 + -13)).
33
Calculate 10 - 4 - (-5 + -2).
13
Calculate (-10 - -2) + 3 + -12 + 10 - 3.
-10
Evaluate -2 + -2 + 17 + -11 + -7 + 16.
11
Calculate -1 - ((-27 - -13) + 33).
-20
What is -7 - (6 - (8 + -6) - 1)?
-10
Calculate (-15 - (-23 - 10)) + 3 + -11.
10
What is 14 - (-13 + (6 - 7 - 1))?
29
(-3 - 3) + (28 - 20 - 14)
-12
10 + ((-14 - -8) + 1 - 0) - 7
-2
What is the value of (10 - (7 + 10)) + -2 + (2 - -24)?
17
Evaluate 103 - 141 - (-76 + 8).
30
Evaluate -1 + (20 + -4 - -13).
28
What is (-3 - 11) + (18 - 16)?
-12
Evaluate -6 - (-5 - (-9 - -6 - (0 - 1))).
-3
What is the value of -10 + -11 + -3 + (8 - -4)?
-12
What is 21 + -20 - (-5 - (6 + -8 + 3))?
7
What is the value of 0 - 3 - (-34 - (-23 + -25))?
-17
What is -9 + ((-3 - -43) + -2 - 3) + 0?
26
(17 + -2 - (4 + 1)) + 2 - -3
15
What is the value of 6 + -1 - 1 - (4 - (-31 + 30))?
-1
Calculate 264 + -257 - (-1 - (2 + -14)).
-4
What is -3 + 18 + (12 + -8 - 8)?
11
What is 1 + 7 + (-20 - -3) + 11 + -6?
-4
33 - -17 - 39 - (30 + -1)
-18
What is the value of -48 + 6 + (-3 - -7) + 0 + 0?
-38
What is 6 + (22 - (28 - 14))?
14
What is (-1 - 13) + (32 - (52 + -17))?
-17
-30 + -4 + (-26 - -17) + 13
-30
What is (-5 - -8 - 7) + -2 + 1?
-5
What is -862 + 891 + -47 + 0?
-18
Calculate -1 + 8 + -484 + 487.
10
What is (-11 - -40) + -10 + -20 - (0 - 1)?
0
Evaluate (-5 - -1) + (227 + -238 - (-9 - 1)).
-5
Calculate -7 - (-2 - 0 - 0) - (-2 + -15).
12
What is the value of (-18 - -25) + 17 - 11?
13
What is the value of -29 - (24 - (32 + 13))?
-8
What is 8 + (6 + -11 - 11)?
-8
Evaluate 11 + -1 + -7 - -7 - 25.
-15
Calculate (-46 - (9 - 49)) + (2 - -1).
-3
Evaluate -224 - -216 - (2 - (1 + 0)).
-9
Calculate (-26 - -29) + (-3 - 2) - 6.
-8
What is the value of (-14 - -22 - 21) + (8 - 0)?
-5
7 - 10 - (3 + -5) - (-1 - 21)
21
Calculate 2 - (13 + (-1 - (8 - 13) - 6)).
-9
What is the value of -1 + (2 - -3) + (-4 - -1 - 11)?
-10
Evaluate -25 + 49 - (1 + -7 + 12).
18
4 + (4 - (-13 + -10 + 20)) - -20
31
What is (-1 - 9) + -15 + (19 - -5)?
-1
What is the value of 1 + -8 + -1 + (2 - -3)?
-3
What is the value of 5 + (6 - 27) + 15 - 3?
-4
Calculate 0 - 9 - (-23 - -4) - (1 + 3).
6
Calculate 437 + -447 - (8 - -1).
-19
Evaluate -2 - (4 - (-1 + 0)).
-7
Calculate -1 - (8 - (7 + 1) - (3 + -5)).
-3
Calculate (-4 - -1) + -4 + 2 + -21 + -3.
-29
Evaluate -14 + (-8 + (-3 - 4) - -5).
-24
Evaluate -1 + -89 + 20 + 35.
-35
Evaluate 20 + (-14 - (-17 + 27)).
-4
What is the value of -39 - (-19 + 17 + -14)?
-23
Calculate (1 - (-5 + (6 - 2))) + 11.
13
What is (-5 - 15) + (9 - -1) + (17 - 28)?
-21
Evaluate 1 + 13 + (-75 - -68).
7
Calculate -4 - 0 - -27 - ((-21 - -27) + -11).
28
(-8 - 1) + (-9 - (-12 - -23 - 8))
-21
What is (16 - 8) + -2 + 1 + -9?
-2
What is the value of 3 + -3 + -6 + 12 + -17?
-11
Calculate (-5 - (5 - 11)) + -6 + -7 + 4.
-8
-8 + 27 + -10 - (12 + -2)
-1
What is -13 - (0 - 33 - (178 + -177))?
21
Calculate (2 - (2 - -15)) + (-170 - -178).
-7
Evaluate 56 + -32 + -8 + 1 + -15 + 20.
22
Calculate (1 - 0) + 8 + 38 + 30 + -74.
3
-28 - -1 - (-39 + 29 - 2)
-15
Evaluate 49 + (5 - (-7 + -19 + 42)).
38
21 - ((-19 - -22) + 16)
2
Evaluate (-9 - 2) + (65 - 61) - (4 + -27).
16
Evaluate -1 + 8 + (1 - 33 - (-28 - -32)).
-29
Calculate -16 - -30 - 23 - (-15 + 2).
4
Evaluate (17 - (-5 + 7)) + -10.
5
Evaluate 16 + (-30 - -15) + (-16 - 1).
-16
What is -33 + (19 - 23) + 9?
-28
Calculate 10 + (-2 + 3 + 12 - -1).
24
(26 - 22) + (-6 - -4)
2
Calculate -7 - (9 - (-14 + 16)).
-14
What is the value of -27 - -76 - 7 - 27?
15
What is 0 + (62 - (-27 - -58))?
31
Evaluate 13 - (6 - (8 + -1) - -2).
12
Calculate 0 - (7 + (20 - 31)).
4
3 - ((6 - (1 - -2)) + -3)
3
Evaluate (14 - -3) + (15 - 32).
0
Calculate -4 - ((7 - (0 - (-1 - -3))) + -16).
3
Calculate -2 + (-8 - 29) + 8 - 1.
-32
Evaluate 34 + -11 + -4 + (1 - 8 - 0).
12
-24 + -2 + (444 - 408) - (39 + 0)
-29
Calculate 17 - (3 + 7 + 3 + -7).
11
20 - ((-20 - -25) + 3)
12
Evaluate -2 + 2 + -3 + (-17 + 9 - -23).
12
291 - 312 - (1 - 7)
-15
Calculate 74 + -65 + (-1 - ((3 - 2) + -6)).
13
What is the value of -5 - (6 + 12) - -10?
-13
Evaluate 16 + (-22 - 4 - -10).
0
What is (-1 - 22) + (-30 - 1) + 38?
-16
What is the value of -5 + -2 + -38 + 42 - (1 + 2)?
-6
Calculate 1 - 8 - (49 + -62).
6
Evaluate 0 + (7 - (9 + -2)).
0
Calculate -20 - (-8 - 20 - -6) - (-33 + -2).
37
What is the value of -2 - (51 + -33 + 4)?
-24
What is (8 - (5 - 6)) + -6 + 7?
10
What is 7 - (1 + 2 + -1) - (76 + -84)?
13
Evaluate 10 + (1 + -4 - -21 - 9).
19
Calculate -55 + 51 + -21 + 42.
17
What is (-26 + 35 - 11) + 4?
2
What is 9 + 2 + (-6 - 4)?
1
What is (7 - 3) + -5 + (-7 - 1)?
-9
What is (-5 - -18) + (-3 - -3) + -3?
10
What is the value of 20 - (34 - 7 - (-2 - -11))?
2
What is -1 - ((7 + -5 - 6) + 23 + 9)?
-29
What is the value of (15 - 1) + 0 - 10?
4
-23 + 8 + 7 + 18 - 11
-1
Calculate (1 - 4) + 2 + 259 + -262.
-4
What is the value of 1 + -8 + (5 + -4 + -7 - -3)?
-10
What is 45 - (6 - (8 + 7 + -14))?
40
Evaluate 4 - (-11 - (-6 - -16) - -12).
13
What is the value of -32 - ((4 + -4 - -2) + -3 - 6)?
-25
Evaluate -3 - (-7 - (-17 + -3 + 1 + 4)).
-11
Calculate -1 + -46 + (-1031 - -1059).
-19
What is 3 + 0 + -28 + -66 + 88?
-3
Evaluate 3 + 18 + 6 + -30.
-3
Evaluate (127 - 117) + (-17 - 1).
-8
Calculate -169 + 174 - (-2 - 2) - (-15 - 0).
24
Evaluate 27 + -14 + (19 - 12).
20
What is the value of (-21 - (-34 + 3)) + -8 + -1?
1
What is the value of 0 + 34 + -40 + 1 + 1 + 9?
5
What is the value of 15 + (-8 - 12) + -1?
-6
What is the value of -2 - (-7 + (-2 - 0)) - (0 - -1)?
6
Evaluate 6 + -1 + (-1 - (-13 - -4)).
13
-4 + 7 - -5 - -9
17
What is 2 + (4 - 2 - (-36 - -51))?
-11
What is the value of 6 + 3 - 25 - -13?
-3
What is the value of -4 - (-10 + 14 - -10)?
-18
Calculate -12 + 3 + (-10 - -12) + 6.
-1
Evaluate 2 + -1 - (3 - 3 - -5) - -4.
0
5 - (11 + -23 + 2)
15
What is the value of (-17 - (1 + -2)) + -24 + (-17 - -45)?
-12
What is -10 + 1 + -7 + (5 -